{"id":39,"date":"2024-08-18T21:42:12","date_gmt":"2024-08-18T19:42:12","guid":{"rendered":"https:\/\/a-letter-to-germany.info\/?page_id=39"},"modified":"2024-10-27T19:34:50","modified_gmt":"2024-10-27T18:34:50","slug":"start","status":"publish","type":"page","link":"https:\/\/a-letter-to-germany.info\/","title":{"rendered":"Start"},"content":{"rendered":"\n<h2 class=\"wp-block-heading\">Meinungs\u00e4u\u00dferung \u00fcber den Nahostkonflikt, deutsche Au\u00dfenpolitik und deutsche Berichterstattung<\/h2>\n\n\n\n<p>Hi,<\/p>\n\n\n\n<p>Sie haben vielleicht schon gemerkt, dass die Berichterstattung \u00fcber den Nahostkonflikt hier in Deutschland massiv verf\u00e4lscht ist. Insbesondere weicht das Bild, das uns unsere Medien vermitteln wollen stark ab von der Darstellung der UN und internationaler Gerichte. Deshalb habe ich seit dem 07.10.2023 die Berichterstattung vor allem im ZDF verfolgt, beobachtet und Unstimmigkeiten festgehalten. Das Ergebnis nenne ich entsprechend der URL dieser Seite &#8220;A letter to Germany&#8221;. Sie finden den Brief weiter unten zum Download.<\/p>\n\n\n\n<h2 class=\"wp-block-heading\">Ich bin ja kein Verschw\u00f6rungstheoretiker, aber&#8230;<\/h2>\n\n\n\n<p>Bei meiner eigenen Darstellung halte ich mich komplett an die Datenlage und Darstellung in unseren Medien. Dabei greife ich vor allem auf vermeintlich seri\u00f6se Medien wie das ZDF zur\u00fcck. Einen Vorgeschmack \u00fcber das Darstellungsniveau finden Sie auf der Unterseite <em>Teaser<\/em>, die Sie oben anw\u00e4hlen k\u00f6nnen. Auf der Unterseite <em>The Gatekeepers<\/em> finden Sie den Hinweis auf eine Dokumentation, die Sie bei Interesse an dem Thema anschauen sollten.<\/p>\n\n\n\n<h2 class=\"wp-block-heading\">Entwurfsstadium und Zeitdruck<\/h2>\n\n\n\n<p>Der Brief ist noch nicht fertig geschrieben. Insbesondere ist er noch nicht aus rechtlicher Perspektive abschlie\u00dfend bewertet. Da wesentliche Teile der Berichterstattung nach einem Jahr von den Seiten des ZDF verschwinden werden, das w\u00e4re nach und nach ab dem 07.10.2024, habe ich mich entschieden, den Brief auch unfertig, aber trotzdem auf einem lesenswerten Niveau zu ver\u00f6ffentlichen. Bis zum 07.10.2024 habe ich ihn dann hoffentlich fertiggestellt. Da der Kontext komplex ist, sollten Sie sich bei Interesse schon im Entwurfsstadium mit meinem Brief besch\u00e4ftigen. Die verlinkten Seiten aus unseren Medien k\u00f6nnen Sie mit Ihrem Browser im Bildformat speichern. Videos k\u00f6nnen Sie meist \u00fcber Ihren Browser zum Beispiel mit dem <em>Video Downloadhelper<\/em> runterladen. Damit haben Sie technisch die M\u00f6glichkeit, die Nachvollziehbarkeit meines Briefs auch \u00fcber den 07.10.2024 hinaus sicherzustellen.<\/p>\n\n\n\n<h2 class=\"wp-block-heading\">Der Brief<\/h2>\n\n\n\n<p>Hier finden Sie bereits Kapitel eins bis sechs. Ab Kapitel vier wird es deutlich interessanter. Mehr folgt in K\u00fcrze. Die Referenzen verschwinden so langsam aus dem Netz. Wie ich mit der Situation umgehe, entscheide ich sp\u00e4ter.<\/p>\n\n\n\n<div data-wp-interactive=\"core\/file\" class=\"wp-block-file\"><object data-wp-bind--hidden=\"!state.hasPdfPreview\" hidden class=\"wp-block-file__embed\" data=\"https:\/\/a-letter-to-germany.info\/wp-content\/uploads\/2024\/10\/a-letter-to-germany-20241027.pdf\" type=\"application\/pdf\" style=\"width:100%;height:600px\" aria-label=\"Embed of a-letter-to-germany-20241027.\"><\/object><a id=\"wp-block-file--media-51edc48a-f5bf-460e-9f73-f9170bc8d0bb\" href=\"https:\/\/a-letter-to-germany.info\/wp-content\/uploads\/2024\/10\/a-letter-to-germany-20241027.pdf\">a-letter-to-germany-20241027<\/a><a href=\"https:\/\/a-letter-to-germany.info\/wp-content\/uploads\/2024\/10\/a-letter-to-germany-20241027.pdf\" class=\"wp-block-file__button wp-element-button\" download aria-describedby=\"wp-block-file--media-51edc48a-f5bf-460e-9f73-f9170bc8d0bb\">Herunterladen<\/a><\/div>\n\n\n\n<h2 class=\"wp-block-heading\">Diese Seite wird noch sch\u00f6ner<\/h2>\n\n\n\n<p>Dies ist meine erste Webseite. Vieles ist noch neu f\u00fcr mich. In naher Zukunft wird diese Seite sicher noch sch\u00f6ner. Ich werde auch Wege einrichten, mit mir zu kommunizieren. In dringenden F\u00e4llen finden Sie auf der Unterseite <em>Impressum<\/em> bereits jetzt eine E-Mail Adresse und eine ladungsf\u00e4hige Anschrift.<\/p>\n\n\n\n<p><\/p>\n","protected":false},"excerpt":{"rendered":"<p>Meinungs\u00e4u\u00dferung \u00fcber den Nahostkonflikt, deutsche Au\u00dfenpolitik und deutsche Berichterstattung Hi, Sie haben vielleicht schon gemerkt, dass die Berichterstattung \u00fcber den Nahostkonflikt hier in Deutschland massiv verf\u00e4lscht ist. Insbesondere weicht das Bild, das uns unsere Medien vermitteln wollen stark ab von der Darstellung der UN und internationaler Gerichte. Deshalb habe ich seit dem 07.10.2023 die Berichterstattung [&hellip;]<\/p>\n","protected":false},"author":1,"featured_media":0,"parent":0,"menu_order":0,"comment_status":"closed","ping_status":"closed","template":"","meta":{"footnotes":""},"class_list":["post-39","page","type-page","status-publish","hentry"],"_links":{"self":[{"href":"https:\/\/a-letter-to-germany.info\/index.php\/wp-json\/wp\/v2\/pages\/39","targetHints":{"allow":["GET"]}}],"collection":[{"href":"https:\/\/a-letter-to-germany.info\/index.php\/wp-json\/wp\/v2\/pages"}],"about":[{"href":"https:\/\/a-letter-to-germany.info\/index.php\/wp-json\/wp\/v2\/types\/page"}],"author":[{"embeddable":true,"href":"https:\/\/a-letter-to-germany.info\/index.php\/wp-json\/wp\/v2\/users\/1"}],"replies":[{"embeddable":true,"href":"https:\/\/a-letter-to-germany.info\/index.php\/wp-json\/wp\/v2\/comments?post=39"}],"version-history":[{"count":16,"href":"https:\/\/a-letter-to-germany.info\/index.php\/wp-json\/wp\/v2\/pages\/39\/revisions"}],"predecessor-version":[{"id":82,"href":"https:\/\/a-letter-to-germany.info\/index.php\/wp-json\/wp\/v2\/pages\/39\/revisions\/82"}],"wp:attachment":[{"href":"https:\/\/a-letter-to-germany.info\/index.php\/wp-json\/wp\/v2\/media?parent=39"}],"curies":[{"name":"wp","href":"https:\/\/api.w.org\/{rel}","templated":true}]}}

<h2 class="wp-block-heading">Meinungsäußerung über den Nahostkonflikt, deutsche Außenpolitik und deutsche Berichterstattung</h2>



<p>Hi,</p>



<p>Sie haben vielleicht schon gemerkt, dass die Berichterstattung über den Nahostkonflikt hier in Deutschland massiv verfälscht ist. Insbesondere weicht das Bild, das uns unsere Medien vermitteln wollen stark ab von der Darstellung der UN und internationaler Gerichte. Deshalb habe ich seit dem 07.10.2023 die Berichterstattung vor allem im ZDF verfolgt, beobachtet und Unstimmigkeiten festgehalten. Das Ergebnis nenne ich entsprechend der URL dieser Seite &#8220;A letter to Germany&#8221;. Sie finden den Brief weiter unten zum Download.</p>



<h2 class="wp-block-heading">Ich bin ja kein Verschwörungstheoretiker, aber&#8230;</h2>



<p>Bei meiner eigenen Darstellung halte ich mich komplett an die Datenlage und Darstellung in unseren Medien. Dabei greife ich vor allem auf vermeintlich seriöse Medien wie das ZDF zurück. Einen Vorgeschmack über das Darstellungsniveau finden Sie auf der Unterseite <em>Teaser</em>, die Sie oben anwählen können. Auf der Unterseite <em>The Gatekeepers</em> finden Sie den Hinweis auf eine Dokumentation, die Sie bei Interesse an dem Thema anschauen sollten.</p>



<h2 class="wp-block-heading">Entwurfsstadium und Zeitdruck</h2>



<p>Der Brief ist noch nicht fertig geschrieben. Insbesondere ist er noch nicht aus rechtlicher Perspektive abschließend bewertet. Da wesentliche Teile der Berichterstattung nach einem Jahr von den Seiten des ZDF verschwinden werden, das wäre nach und nach ab dem 07.10.2024, habe ich mich entschieden, den Brief auch unfertig, aber trotzdem auf einem lesenswerten Niveau zu veröffentlichen. Bis zum 07.10.2024 habe ich ihn dann hoffentlich fertiggestellt. Da der Kontext komplex ist, sollten Sie sich bei Interesse schon im Entwurfsstadium mit meinem Brief beschäftigen. Die verlinkten Seiten aus unseren Medien können Sie mit Ihrem Browser im Bildformat speichern. Videos können Sie meist über Ihren Browser zum Beispiel mit dem <em>Video Downloadhelper</em> runterladen. Damit haben Sie technisch die Möglichkeit, die Nachvollziehbarkeit meines Briefs auch über den 07.10.2024 hinaus sicherzustellen.</p>



<h2 class="wp-block-heading">Der Brief</h2>



<p>Hier finden Sie bereits Kapitel eins bis sechs. Ab Kapitel vier wird es deutlich interessanter. Mehr folgt in Kürze. Die Referenzen verschwinden so langsam aus dem Netz. Wie ich mit der Situation umgehe, entscheide ich später.</p>



<div data-wp-interactive="core/file" class="wp-block-file"><object data-wp-bind--hidden="!state.hasPdfPreview" hidden class="wp-block-file__embed" data="https://a-letter-to-germany.info/wp-content/uploads/2024/10/a-letter-to-germany-20241027.pdf" type="application/pdf" style="width:100%;height:600px" aria-label="Embed of a-letter-to-germany-20241027."></object><a id="wp-block-file--media-51edc48a-f5bf-460e-9f73-f9170bc8d0bb" href="https://a-letter-to-germany.info/wp-content/uploads/2024/10/a-letter-to-germany-20241027.pdf">a-letter-to-germany-20241027</a><a href="https://a-letter-to-germany.info/wp-content/uploads/2024/10/a-letter-to-germany-20241027.pdf" class="wp-block-file__button wp-element-button" download aria-describedby="wp-block-file--media-51edc48a-f5bf-460e-9f73-f9170bc8d0bb">Herunterladen</a></div>



<h2 class="wp-block-heading">Diese Seite wird noch schöner</h2>



<p>Dies ist meine erste Webseite. Vieles ist noch neu für mich. In naher Zukunft wird diese Seite sicher noch schöner. Ich werde auch Wege einrichten, mit mir zu kommunizieren. In dringenden Fällen finden Sie auf der Unterseite <em>Impressum</em> bereits jetzt eine E-Mail Adresse und eine ladungsfähige Anschrift.</p>



<p></p>

<p>Meinungsäußerung über den Nahostkonflikt, deutsche Außenpolitik und deutsche Berichterstattung Hi, Sie haben vielleicht schon gemerkt, dass die Berichterstattung über den Nahostkonflikt hier in Deutschland massiv verfälscht ist. Insbesondere weicht das Bild, das uns unsere Medien vermitteln wollen stark ab von der Darstellung der UN und internationaler Gerichte. Deshalb habe ich seit dem 07.10.2023 die Berichterstattung [&hellip;]</p>
