{"id":21,"date":"2024-08-18T21:34:29","date_gmt":"2024-08-18T19:34:29","guid":{"rendered":"https:\/\/a-letter-to-germany.info\/?page_id=21"},"modified":"2024-08-18T21:34:29","modified_gmt":"2024-08-18T19:34:29","slug":"ueber-den-autor","status":"publish","type":"page","link":"https:\/\/a-letter-to-germany.info\/index.php\/ueber-den-autor\/","title":{"rendered":"\u00dcber den Autor"},"content":{"rendered":"\n<p>Hi, ich bin ein ganz normaler deutscher Staatsb\u00fcrger, schaue aber vielleicht mehr Nachrichten als der Durchschnitt. W\u00e4hrend der Berichterstattung im ZDF \u00fcber Israel und die Pal\u00e4stinenser ist mir aufgefallen, dass die Berichterstattung hier in Deutschland &#8211; zumindest die im ZDF &#8211; massiv verf\u00e4lscht ist. Deshalb habe ich zum Jahreswechsel 2023\/2024 angefangen, mir Notizen zu machen und aufzuschreiben. Das entstandene Dokument m\u00f6chte ich hier nun mit Ihnen teilen. Ich bin der Auffassung das unsere Politiker das Ansehen Deutschlands in der Welt gerade mit Vollgas vor die Wand fahren und dass sie bewusst einen schlechten Job machen. F\u00fcr mich sieht es so aus, als sei der Fl\u00e4chenbrand, der sich im Nahen Osten mehr und mehr entwickelt, von Anfang an gewollt. Diese Ansicht teilt nicht jeder, mit dem ich mich bisher ausgetauscht habe. Dennoch konnten meine Gespr\u00e4chspartner meine Gedanken teilweise nachvollziehen. Diese Gedanken m\u00f6chte ich hier mit Ihnen teilen.<\/p>\n","protected":false},"excerpt":{"rendered":"<p>Hi, ich bin ein ganz normaler deutscher Staatsb\u00fcrger, schaue aber vielleicht mehr Nachrichten als der Durchschnitt. W\u00e4hrend der Berichterstattung im ZDF \u00fcber Israel und die Pal\u00e4stinenser ist mir aufgefallen, dass die Berichterstattung hier in Deutschland &#8211; zumindest die im ZDF &#8211; massiv verf\u00e4lscht ist. Deshalb habe ich zum Jahreswechsel 2023\/2024 angefangen, mir Notizen zu machen [&hellip;]<\/p>\n","protected":false},"author":1,"featured_media":0,"parent":0,"menu_order":0,"comment_status":"closed","ping_status":"closed","template":"","meta":{"footnotes":""},"class_list":["post-21","page","type-page","status-publish","hentry"],"_links":{"self":[{"href":"https:\/\/a-letter-to-germany.info\/index.php\/wp-json\/wp\/v2\/pages\/21","targetHints":{"allow":["GET"]}}],"collection":[{"href":"https:\/\/a-letter-to-germany.info\/index.php\/wp-json\/wp\/v2\/pages"}],"about":[{"href":"https:\/\/a-letter-to-germany.info\/index.php\/wp-json\/wp\/v2\/types\/page"}],"author":[{"embeddable":true,"href":"https:\/\/a-letter-to-germany.info\/index.php\/wp-json\/wp\/v2\/users\/1"}],"replies":[{"embeddable":true,"href":"https:\/\/a-letter-to-germany.info\/index.php\/wp-json\/wp\/v2\/comments?post=21"}],"version-history":[{"count":2,"href":"https:\/\/a-letter-to-germany.info\/index.php\/wp-json\/wp\/v2\/pages\/21\/revisions"}],"predecessor-version":[{"id":29,"href":"https:\/\/a-letter-to-germany.info\/index.php\/wp-json\/wp\/v2\/pages\/21\/revisions\/29"}],"wp:attachment":[{"href":"https:\/\/a-letter-to-germany.info\/index.php\/wp-json\/wp\/v2\/media?parent=21"}],"curies":[{"name":"wp","href":"https:\/\/api.w.org\/{rel}","templated":true}]}}

Über den Autor

<p>Hi, ich bin ein ganz normaler deutscher Staatsbürger, schaue aber vielleicht mehr Nachrichten als der Durchschnitt. Während der Berichterstattung im ZDF über Israel und die Palästinenser ist mir aufgefallen, dass die Berichterstattung hier in Deutschland &#8211; zumindest die im ZDF &#8211; massiv verfälscht ist. Deshalb habe ich zum Jahreswechsel 2023/2024 angefangen, mir Notizen zu machen und aufzuschreiben. Das entstandene Dokument möchte ich hier nun mit Ihnen teilen. Ich bin der Auffassung das unsere Politiker das Ansehen Deutschlands in der Welt gerade mit Vollgas vor die Wand fahren und dass sie bewusst einen schlechten Job machen. Für mich sieht es so aus, als sei der Flächenbrand, der sich im Nahen Osten mehr und mehr entwickelt, von Anfang an gewollt. Diese Ansicht teilt nicht jeder, mit dem ich mich bisher ausgetauscht habe. Dennoch konnten meine Gesprächspartner meine Gedanken teilweise nachvollziehen. Diese Gedanken möchte ich hier mit Ihnen teilen.</p>

<p>Hi, ich bin ein ganz normaler deutscher Staatsbürger, schaue aber vielleicht mehr Nachrichten als der Durchschnitt. Während der Berichterstattung im ZDF über Israel und die Palästinenser ist mir aufgefallen, dass die Berichterstattung hier in Deutschland &#8211; zumindest die im ZDF &#8211; massiv verfälscht ist. Deshalb habe ich zum Jahreswechsel 2023/2024 angefangen, mir Notizen zu machen [&hellip;]</p>
